 prime number?
False
Is 16951153 prime?
False
Is 1123319 a composite number?
False
Is 2327417 a prime number?
True
Is 151929941 composite?
False
Is 91994677 a prime number?
False
Is 30289183 a composite number?
True
Is 4436207 a prime number?
True
Is 8433569 a prime number?
False
Is 135984923 prime?
False
Is 118947419 a prime number?
False
Is 85445117 composite?
False
Is 5143103 prime?
False
Is 166569149 a composite number?
False
Is 905563 composite?
True
Is 9585079 a prime number?
False
Is 1328603 prime?
True
Is 22474849 a composite number?
False
Is 95356423 composite?
True
Is 1459763 a composite number?
True
Is 15894079 prime?
True
Is 1568459 a composite number?
False
Is 787565 prime?
False
Is 1245326 prime?
False
Is 2231263 prime?
False
Is 3693703 a composite number?
True
Is 158437723 composite?
True
Is 35359 prime?
False
Is 17369 prime?
False
Is 3427063 a prime number?
True
Is 2279561 prime?
False
Is 1778057 a composite number?
True
Is 7754077 prime?
True
Is 50330261 a composite number?
False
Is 83246249 a composite number?
False
Is 8623619 prime?
True
Is 8941021 a prime number?
True
Is 1254502 prime?
False
Is 58766657 composite?
False
Is 504800497 a composite number?
True
Is 2139833 prime?
False
Is 17677958 a composite number?
True
Is 213506542 a prime number?
False
Is 811913 composite?
True
Is 44224669 a prime number?
True
Is 2655607 a composite number?
False
Is 18293203 a composite number?
False
Is 126953879 a composite number?
True
Is 12133379 prime?
False
Is 10821463 composite?
False
Is 42755777 prime?
True
Is 47480465 a prime number?
False
Is 25152443 a composite number?
True
Is 908993 a composite number?
False
Is 4751035 composite?
True
Is 31971383 prime?
True
Is 87502354 composite?
True
Is 1700029 composite?
True
Is 34831891 a prime number?
True
Is 55302385 composite?
True
Is 25708039 a composite number?
True
Is 18593161 prime?
True
Is 21649799 composite?
False
Is 28679399 a prime number?
False
Is 26327423 prime?
True
Is 70488173 a prime number?
False
Is 45731401 a prime number?
True
Is 3837049 composite?
False
Is 1544549 a composite number?
True
Is 1955671 composite?
False
Is 337796077 prime?
False
Is 2076229 a composite number?
False
Is 1286816521 prime?
False
Is 388351 composite?
False
Is 13855321 composite?
False
Is 2655299 a prime number?
False
Is 235078271 prime?
True
Is 10496647 a composite number?
True
Is 48257133 a composite number?
True
Is 27003601 a prime number?
False
Is 2153761 a composite number?
True
Is 80845379 composite?
False
Is 126546335 composite?
True
Is 433689 a prime number?
False
Is 3419891 a prime number?
True
Is 591929 a composite number?
True
Is 12292933 a composite number?
True
Is 15794917 a prime number?
True
Is 117328153 prime?
True
Is 5350171 composite?
True
Is 5780569 composite?
False
Is 71585159 composite?
False
Is 10440851 a prime number?
True
Is 1770389 prime?
False
Is 750849247 a prime number?
True
Is 2100943 a prime number?
False
Is 5125139 a prime number?
True
Is 215083 a composite number?
True
Is 3440719 composite?
False
Is 17285539 a prime number?
False
Is 17220527 a composite number?
False
Is 10643221 composite?
False
Is 7973831 composite?
True
Is 10588099 a composite number?
False
Is 172817 a prime number?
False
Is 423701 a prime number?
False
Is 4561667 a composite number?
True
Is 1977809 a composite number?
False
Is 3647134 a composite number?
True
Is 14481851 composite?
False
Is 576814459 prime?
False
Is 43357063 composite?
True
Is 113327 a prime number?
True
Is 18551531 a composite number?
False
Is 77651 composite?
True
Is 112842827 composite?
False
Is 830607871 prime?
True
Is 28751087 a prime number?
True
Is 437891 prime?
False
Is 9316849 a prime number?
True
Is 123649 a prime number?
False
Is 22976059 prime?
False
Is 2532241 prime?
True
Is 735255569 a composite number?
False
Is 668362471 a composite number?
True
Is 380873 a prime number?
False
Is 1999787 composite?
True
Is 42993859 prime?
False
Is 17939771 prime?
True
Is 51560023 prime?
True
Is 87736367 a composite number?
False
Is 606543491 a prime number?
False
Is 175259927 a prime number?
False
Is 2913539 a composite number?
True
Is 21509959 composite?
True
Is 15427105 prime?
False
Is 13605241 a prime number?
False
Is 5371251 prime?
False
Is 47783419 prime?
True
Is 7066007 a prime number?
False
Is 8305006 prime?
False
Is 2752657 prime?
False
Is 70727 prime?
False
Is 65122 composite?
True
Is 760707851 a composite number?
False
Is 21105281 prime?
False
Is 48616313 composite?
False
Is 38358617 prime?
False
Is 560257 prime?
False
Is 284394347 prime?
True
Is 1379745233 composite?
False
Is 18101791 composite?
False
Is 3414223 a composite number?
False
Is 23821001 prime?
True
Is 4632281 composite?
False
Is 106780397 composite?
False
Is 38696795 composite?
True
Is 94763485 a composite number?
True
Is 91523789 a prime number?
False
Is 10421779 a composite number?
False
Is 38941739 a composite number?
False
Is 40819729 a composite number?
False
Is 1561633 a composite number?
False
Is 588067 composite?
True
Is 549664871 composite?
True
Is 64011839 prime?
True
Is 1536197 prime?
False
Is 182073391 a composite number?
True
Is 1242707 a composite number?
True
Is 164340949 composite?
False
Is 9886691 a prime number?
True
Is 40399067 prime?
True
Is 220551 prime?
False
Is 401623 a composite number?
True
Is 577819717 a composite number?
False
Is 79534451 a prime number?
True
Is 150390893 a composite number?
True
Is 30462551 a prime number?
False
Is 44646553 composite?
True
Is 270659 composite?
False
Is 5875063 a prime number?
True
Is 62181055 a composite number?
True
Is 54199469 prime?
True
Is 17753503 a composite number?
True
Is 2438845 prime?
False
Is 1797821 a prime number?
True
Is 489684953 a prime number?
True
Is 138593941 prime?
True
Is 163907767 prime?
True
Is 101075921 composite?
False
Is 12874633 composite?
False
Is 1410231439 prime?
True
Is 408900281 prime?
True
Is 502393 composite?
False
Is 19264403 composite?
False
Is 805451 a prime number?
True
Is 8979329 a prime number?
True
Is 170641571 a prime number?
False
Is 119125273 composite?
True
Is 2558447 a composite number?
True
Is 3088889 a prime number?
False
Is 25291241 a prime number?
True
Is 24987253 composite?
True
Is 824617 a prime number?
False
Is 272494267 composite?
False
Is 19447069 composite?
True
Is 228509 prime?
True
Is 89125189 a composite number?
True
Is 6457679 prime?
False
Is 609300191 prime?
True
Is 1826281 a prime number?
True
Is 21016691 composite?
False
Is 5783969 a composite number?
False
Is 95575933 a composite number?
False
Is 3428533 prime?
False
Is 378223 a composite number?
False
Is 83908219 a prime number?
False
Is 4766786 a composite number?
True
Is 13691701 composite?
False
Is 12070283 a prime number?
True
Is 1078755193 a prime number?
True
Is 1028445557 a prime number?
True
Is 3590527 prime?
False
Is 38958083 prime?
True
Is 15541697 a composite number?
False
Is 4460393 a composite number?
True
Is 3204827 prime?
True
Is 78851473 a prime number?
False
Is 367121 a prime number?
True
Is 146597459 prime?
True
Is 59283431 composite?
False
Is 11444299 composite?
True
Is 30662545 a prime number?
False
Is 269171 a composite number?
True
Is 3266221 a composite number?
True
Is 3991261 a prime number?
True
Is 3455759 a prime number?
False
Is 28972033 prime?
True
Is 1901459 a prime number?
False
Is 357767141 a composite number?
False
Is 6444397 a composite number?
True
Is 1921919 prime?
True
Is 14266369 prime?
False
Is 86263 a composite number?
False
Is 22466419 a composite number?
False
Is 40445011 prime?
True
Is 1115987 a prime number?
True
Is 331611853 a composite number?
False
Is 117284507 prime?
False
Is 230131 prime?
False
Is 85159 a composite number?
False
Is 16571699 a composite number?
False
Is 690264535 prime?
False
Is 1899641 a composite number?
False
Is 406581683 prime?
False
Is 241907593 a prime number?
True
Is 102135083 prime?
False
Is 1332206861 composite?
False
Is 3818357 composite?
True
Is 18560527 a prime number?
True
Is 118253491 prime?
True
Is 143357 a prime number?
True
Is 42734381 a composite number?
False
Is 17444391 a prime number?
False
Is 2444879 a prime number?
False
Is 36644371 a prime number?
False
Is 893902 a composite number?
True
Is 3550